 Let k(q) be the second derivative of q**5/20 - 5*q**4/6 + 2*q**3 + 20*q**2 + 88*q. Let r be k(8). Determine b(r).
5
Let r(h) = h**3 + 182*h - 21*h**2 - 152 - 226*h + 128. Determine r(23).
22
Let d(o) = 3*o**2 + 6 - 2*o**2 + 12 - 22. Suppose -35*w + 31*w + 24 = 0. Let s be 0/((20/(-30))/(4/w)). Calculate d(s).
-4
Let p(c) = c**3 + 38*c**2 - 40*c - 17. Let t be p(-39). Let w(i) = -2*i**2 + 44*i - 6. What is w(t)?
-6
Let t(x) = -124 + 67*x - 87*x + 17*x. Give t(-39).
-7
Let l(w) = -w + 8. Suppose 5*x - 5*u = -3*u - 2520, 2*x - u = -1009. Let f = 511 + x. What is l(f)?
-1
Let s(k) = 53*k - 1. Let j = -5323 + 5322. Determine s(j).
-54
Let c(b) = 819*b - 419*b - 395*b - 28. Give c(-2).
-38
Let n(z) = -9*z - 18*z - 15*z**2 + 0*z**2 + 15*z**2 + 93 + 2*z**2. Calculate n(5).
8
Let g(k) = 2*k**3 + 22*k**2 + 67*k + 476. Let v be g(-10). Let o(j) = -j**2 - j + 26. Calculate o(v).
-16
Let a = -3497 - -3491. Let j(r) = 2*r**3 + 14*r**2 + 9*r + 2. Determine j(a).
20
Let m(v) = -4*v**2 + 34*v - v**2 - 35*v + 2*v**2. Let x(q) = q**2. Let s(w) = m(w) - 3*x(w). Calculate s(-1).
-5
Let z(n) be the first derivative of -22 + 2*n + 3/2*n**2. Let t(x) = -x**2 - 7*x + 5. Let g be t(-8). What is z(g)?
-7
Let r(c) be the first derivative of 13*c**3/3 + 2*c**2 + 4*c - 1754. Determine r(-3).
109
Let n(o) = o**2 - 30*o + 12. Let c = 6242 + -6213. Determine n(c).
-17
Let y(i) = -2*i + 8. Let u be y(16). Let j = u - -20. Let r be 1/((j/3)/(-4)). Let a(k) = 3*k + 1. Determine a(r).
10
Let c(r) be the first derivative of -r**4 - 4*r**3/3 - r - 6. Determine c(-3).
71
Let q(i) be the second derivative of -3*i**3/2 + 2*i**2 - 55*i + 24. What is q(7)?
-59
Let q(d) = -2383*d + 1 + 2318*d + 62*d. Suppose -3*p = 4 - 16. Give q(p).
-11
Let b(f) = 6*f - 4. Let p(y) = 75*y - 55. Let w(r) = 13*b(r) - p(r). Let g(h) = -h**3 + 3*h**2 + 2*h. Let z be g(3). Calculate w(z).
21
Let p = 10 - 6. Let l be 12/54 + (32/9)/2. Let d(h) = -6 + 13 - 4 + l*h - 7 + 0. Give d(p).
4
Let n = 144989 + -144988. Let d(z) = -13*z**3 + 5*z**2 - z + 4. Let l(y) = -13*y**3 + 6*y**2 - y + 5. Let b(p) = 5*d(p) - 4*l(p). Give b(n).
-13
Let v(y) be the third derivative of 13/24*y**4 - 1/6*y**3 + 0 + 42*y**2 + 0*y. What is v(1)?
12
Let w(j) = j**3 + 38. Let f = 32060 + -32060. What is w(f)?
38
Let m(y) = 254 - 116 - 151 - 7*y. Determine m(-6).
29
Let c = 86 - 82. Let g be (-1 - 4/(-6))*(-420)/c. Let d(u) = -44*u**2 - 16*u - u**3 + 6*u + g*u**2 + 0*u**3. Give d(-8).
16
Let s(a) = -5*a - 4. Let c(b) = 3*b + 4. Let l(o) = -2*o - 3. Let g(v) = -3*c(v) - 4*l(v). Let z(t) = -6*g(t) + s(t). What is z(5)?
1
Let v(s) = -s**3 - 5*s**2 + 2*s + 2. Let b = -127 + -27. Let o = b + 149. Calculate v(o).
-8
Let s(y) = -y**3 - 2*y**2 - 4*y - 31. Let i(j) = 2*j**2 + 2*j - 3. Let l(a) = -4*i(a) - s(a). Determine l(5).
-2
Let n(k) be the third derivative of -k**6/120 - k**5/12 - k**4/24 + 5*k**3/6 + 2*k**2. Let b be 15*(44/(-6) + 1 + -7 + 13). What is n(b)?
10
Let q(r) = -r**3 - 4*r**2 + 3*r + 4. Let k(g) = -g**3 - g**2 + g + 1. Let m be 4/96*6*4. Let v(l) = m*q(l) - 2*k(l). What is v(3)?
14
Let p(d) = -10*d + d + 2*d + d**2. Let g(a) = 46*a + 1020. Let y be g(-22). Give p(y).
8
Let k(j) = j - 1. Let r(g) = -8*g + 70. Let i be r(23). Let c = -111 - i. Suppose -5*p - c*h + 10 = 2*h, 5*p - 7 = -2*h. Calculate k(p).
0
Let v(x) be the third derivative of x**5/60 + 5*x**4/8 - 5*x**3/2 + 1134*x**2. What is v(-16)?
1
Suppose -18*s + 14*s + 68 = 0. Suppose s + 13 = 3*z. Suppose 0 = p - 3*p - z. Let d(w) = 4*w + 7. Calculate d(p).
-13
Let a(f) = 109*f - 4145. Let o be a(38). Let m(i) = i**3 + 4*i**2 - 2*i - 1. Calculate m(o).
14
Let j(s) = -s**3 + 19*s**2 - 17*s - 26. Suppose 4*q + 2*h - 76 = 0, -3*q + 2*h - 9 = -59. Calculate j(q).
-8
Let x(j) = 46 - 4*j - j - 34 + 3*j - j**2. Give x(3).
-3
Let s(w) = -w + 6. Let v = 53 - 51. Let k be (-5)/((-20)/v) + (-1)/(-2). Let l be s(k). Let t(f) = -2*f + 6. Give t(l).
-4
Let v(o) = -29*o - 38. Let u be v(-5). Suppose 21 - u = -43*x. Let r(c) = -2*c - 2. Determine r(x).
-6
Let h(x) = -x + 13. Suppose 10 = 5*f - 5*n, -4*n = 1 - 9. Suppose -f*w - 10*w = w. Calculate h(w).
13
Let o(s) = 23*s + 31 + 12 - 14 + 15*s + 11. Determine o(-1).
2
Let x(p) = 2*p**2 - 7*p - 7. Let b(r) = -6 + 3*r**2 - r - 16*r - 7 + 3*r. Let z = -94 - -99. Let f(l) = z*x(l) - 3*b(l). Give f(-6).
-2
Let j = 3 - -18. Suppose j*k + 101 = -4. Let c(q) = -q**3 - 4*q**2 - 7. Calculate c(k).
18
Let f(g) be the second derivative of g**5/20 + g**4 + g**3/2 + 20*g**2 - 9*g + 5. Let i be f(-12). Let r(z) = z**3 - 4*z**2 + 4*z - 2. Give r(i).
14
Let c = 20541 + -20548. Let w(x) = -3*x - 13. Determine w(c).
8
Let c(w) = 9*w**2 - 2*w - 4. Let y(f) = -8*f**2 + f + 3. Let r(l) = -4*c(l) - 5*y(l). Suppose v = -b + 3*b + 170, -b - 3 = 0. Let i = -166 + v. Give r(i).
11
Let i = 12357 + -12388. Let j(b) = 2*b**3 + 61*b**2 - 30*b + 62. Calculate j(i).
31
Let f(z) be the first derivative of -z**4/4 + 4*z**3/3 + 5*z**2/2 + 5*z - 12. Let v(n) = -n**2 - 8*n - 2. Let l be v(-7). What is f(l)?
5
Suppose -30 = -0*v + 3*v. Let q(x) = 241*x - 243*x + 15674 - 15687. What is q(v)?
7
Let z(g) = 16*g**3 - 2*g**2 + 1. Let n be (-544)/6 + (-32)/(-48). Let y = n + 97. Suppose 0 = -4*l - 3*l - y. Determine z(l).
-17
Let g(l) = l**2 + 9*l - 5. Let q = 127 - 111. Suppose -2*n + 76*f - 78*f = q, -4*f = 2*n + 14. Determine g(n).
-5
Suppose -25*w + 27*w = 4. Let p = -2 + w. Let t(k) = k**3 - k - 8. Determine t(p).
-8
Suppose 3*s - 10 = -2*s. Let h(d) = -20*d + 18*d**s - 44 - d - 19*d**2. Let l be h(-19). Let c(o) = -o**2 - 8*o - 8. What is c(l)?
4
Let u = 129 + -138. Let s be (-6)/(-18)*u*(-4)/3. Let t(m) = m - 6. Give t(s).
-2
Let a(q) = q**3 - 3*q**2 - 7*q + 8. Let w be (10 - 13 - 3*76) + 2. Let u = -225 - w. Determine a(u).
-4
Let o(p) be the first derivative of 1/6*p**3 + 9*p - 1/12*p**4 + 16 + 3/2*p**2. Let v(f) be the first derivative of o(f). Give v(5).
-17
Let q(p) = 7 + 3*p + 2 - 5*p**2 - 4 + p**3. Suppose 374*d = 372*d - 50. Let g be (-2)/5 + (-110)/d. What is q(g)?
1
Let q(r) = 4*r**3 - 3*r**2 - 4*r + 52. Let w(x) = -x**3 + x**2 + x. Let a(o) = -q(o) - 3*w(o). Let l = -4399 - -4399. What is a(l)?
-52
Let v(l) = 12*l - 2. Suppose -11*u + 328 = -52*u. Give v(u).
-98
Suppose 1109 - 263 = -6*v. Let a = v - -126. Let o(q) = -q**3 - 16*q**2 - 16*q - 18. Give o(a).
-3
Suppose -3*d - 112*n = -107*n + 39, 0 = 4*d - 4*n - 12. Let i(m) = m**3 + 4*m**2 - m + 2. Determine i(d).
14
Let c(g) be the third derivative of 0*g + 0 - 1/12*g**4 + 134*g**2 + 1/2*g**3. Give c(-6).
15
Let n(i) = -i**2 - 2*i + 3. Suppose -2*d + 15 = -29. Suppose 2 + d = -8*s. Determine n(s).
0
Let g(h) = 95*h - 96*h + 5 - h**3 - 3 - 4*h**2. Let d(i) = 1. Let s(c) = 3*c + 6. Let q(j) = -3*d(j) + s(j). Let x be q(-2). What is g(x)?
-4
Let u(c) = c**3 + 151*c**2 + 28 - 113*c**2 + 42*c + 10*c - 14*c. Calculate u(-37).
-9
Let l(j) be the first derivative of 7*j**2/2 + 1566. Let y = 8 - 6. Suppose b + y*b = 3. Calculate l(b).
7
Let k(y) be the second derivative of 3*y**3 + y. Suppose -579*i = -29 - 550. Determine k(i).
18
Let t(v) be the third derivative of -v**6/360 - v**5/40 + v**4/24 + 11*v**3/3 - 41*v**2 + v. Let m(s) be the first derivative of t(s). What is m(-5)?
-9
Let y(a) = 4*a**2 + a. Suppose 4*c + 5*l = -207, 3*c = 4*c - 3*l + 39. Let w be ((-14)/28)/(8/112)*(0 + 7). Let d = c - w. Determine y(d).
5
Suppose 0 = 5*p - 25, -3*p = -6*m + 4*m - 1. Let y(g) = m - 386*g - 4 - g**3 + 4*g**2 + 391*g. Give y(5).
3
Let u = 3474 + -3493. Let n(t) = t**3 + 18*t**2 - 21*t - 19. What is n(u)?
19
Let o = 1 + 1. Let w(d) = d**2 + 0*d**2 - 212 - 173 + 383 - 2*d + 3*d**2. Give w(o).
10
Let b(h) be the first derivative of -9*h**2/2 - 23*h + 1723. What is b(-3)?
4
Suppose -2*g - 4 - 8 = 0. Let w(s) = s**2 - 3*s - 2 - 6 + 16*s - 6*s. Give w(g).
-14
Let f(y) be the first derivative of -3*y**2/2 + 5*y - 2. Let v be -10*((-2)/10)/((-7 + 0)/(-14)). Determine f(v).
-7
Let s(d) = 6*d + 4. Let x(i) = 7*i + 5. Let o(h) = -6*s(h) + 5*x(h). Suppose 30 = g + 5*g. Suppose -15*p = -20*p + g. Calculate o(p).
0
Let z = -147 + 149. Suppose 0 = -z*f - 136 + 126. Let h(b) be the second derivative of b**4/12 + 4*b**3/3 + 2*b**2 - 14*b. Calculate h(f).
-11
Let u(b) = -b**3 + 14*b**2 + 15*b. Suppose l - 17 = -4*n, -4*l + n - 8 = -5*l. Let h(w)